
Calculate the remainder when 481494 is divided by 30.
24
What is the remainder when 476111 is divided by 364?
363
What is the remainder when 3311 is divided by 709?
475
What is the remainder when 103198 is divided by 2516?
42
What is the remainder when 3163 is divided by 526?
7
What is the remainder when 832 is divided by 98?
48
Calculate the remainder when 181222 is divided by 256.
230
What is the remainder when 15776 is divided by 2252?
12
Calculate the remainder when 6648 is divided by 6598.
50
Calculate the remainder when 4824 is divided by 230.
224
Calculate the remainder when 1282 is divided by 422.
16
Calculate the remainder when 7592 is divided by 592.
488
Calculate the remainder when 5000 is divided by 295.
280
Calculate the remainder when 399305 is divided by 364.
361
What is the remainder when 724744 is divided by 278?
276
What is the remainder when 32155 is divided by 16076?
3
Calculate the remainder when 3007 is divided by 496.
31
What is the remainder when 22011 is divided by 202?
195
Calculate the remainder when 12576 is divided by 21.
18
Calculate the remainder when 66138 is divided by 152.
18
Calculate the remainder when 37771 is divided by 34.
31
Calculate the remainder when 19981 is divided by 103.
102
What is the remainder when 9566867 is divided by 111?
110
Calculate the remainder when 7231 is divided by 2367.
130
What is the remainder when 1134 is divided by 357?
63
Calculate the remainder when 3119 is divided by 147.
32
Calculate the remainder when 7692 is divided by 1910.
52
Calculate the remainder when 12213 is divided by 31.
30
What is the remainder when 7217 is divided by 18?
17
What is the remainder when 3343 is divided by 415?
23
What is the remainder when 10699 is divided by 41?
39
What is the remainder when 4810 is divided by 1191?
46
What is the remainder when 1818 is divided by 545?
183
Calculate the remainder when 16392 is divided by 11.
2
Calculate the remainder when 4432 is divided by 185.
177
Calculate the remainder when 51429 is divided by 3214.
5
What is the remainder when 4441 is divided by 194?
173
Calculate the remainder when 688 is divided by 53.
52
What is the remainder when 17779 is divided by 20?
19
Calculate the remainder when 4687 is divided by 2325.
37
Calculate the remainder when 10072 is divided by 2329.
756
What is the remainder when 146251 is divided by 7312?
11
Calculate the remainder when 768 is divided by 9.
3
What is the remainder when 878193 is divided by 1822?
1811
What is the remainder when 7751 is divided by 3790?
171
Calculate the remainder when 2600 is divided by 299.
208
Calculate the remainder when 2929 is divided by 2879.
50
What is the remainder when 121 is divided by 59?
3
What is the remainder when 14777 is divided by 702?
35
Calculate the remainder when 1250668 is divided by 62533.
8
Calculate the remainder when 512859 is divided by 11.
6
What is the remainder when 329447 is divided by 34?
21
Calculate the remainder when 15411 is divided by 164.
159
Calculate the remainder when 291 is divided by 103.
85
What is the remainder when 14227 is divided by 368?
243
What is the remainder when 318079 is divided by 314?
311
What is the remainder when 3010882 is divided by 113?
110
Calculate the remainder when 2289 is divided by 358.
141
What is the remainder when 277922 is divided by 159?
149
Calculate the remainder when 30087 is divided by 144.
135
What is the remainder when 23975 is divided by 296?
295
Calculate the remainder when 40195 is divided by 9845.
815
Calculate the remainder when 99202 is divided by 8.
2
Calculate the remainder when 134103 is divided by 186.
183
Calculate the remainder when 10311245 is divided by 16.
13
Calculate the remainder when 25609 is divided by 523.
505
Calculate the remainder when 204073 is divided by 68021.
10
Calculate the remainder when 1942 is divided by 634.
40
What is the remainder when 105146 is divided by 106?
100
Calculate the remainder when 50272 is divided by 61.
8
What is the remainder when 1793 is divided by 138?
137
Calculate the remainder when 1573 is divided by 1444.
129
What is the remainder when 6571 is divided by 212?
211
What is the remainder when 1700 is divided by 94?
8
What is the remainder when 34416 is divided by 17?
8
What is the remainder when 1013 is divided by 106?
59
Calculate the remainder when 33032 is divided by 231.
230
What is the remainder when 32000 is divided by 119?
108
Calculate the remainder when 32017 is divided by 69.
1
Calculate the remainder when 25578 is divided by 1344.
42
Calculate the remainder when 1254583 is divided by 125458.
3
What is the remainder when 25598 is divided by 8528?
14
Calculate the remainder when 383 is divided by 284.
99
Calculate the remainder when 3353 is divided by 1642.
69
What is the remainder when 244545 is divided by 365?
360
Calculate the remainder when 8220 is divided by 22.
14
What is the remainder when 5049 is divided by 87?
3
Calculate the remainder when 1425 is divided by 237.
3
Calculate the remainder when 27634 is divided by 249.
244
Calculate the remainder when 1078 is divided by 458.
162
Calculate the remainder when 14620 is divided by 14586.
34
Calculate the remainder when 961 is divided by 67.
23
What is the remainder when 76939 is divided by 249?
247
What is the remainder when 21400 is divided by 19?
6
What is the remainder when 56918 is divided by 769?
12
What is the remainder when 583071 is divided by 8?
7
What is the remainder when 2010 is divided by 644?
78
What is the remainder when 28705 is divided by 232?
169
What is the remainder when 59488 is divided by 31?
30
What is the remainder when 63358 is divided by 17?
16
Calculate the remainder when 3142 is divided by 21.
13
Calculate the remainder when 107309 is divided by 511.
510
Calculate the remainder when 31082 is divided by 213.
197
What is the remainder when 424092 is divided by 141363?
3
Calculate the remainder when 42373 is divided by 70.
23
What is the remainder when 6380 is divided by 355?
345
What is the remainder when 49721 is divided by 16?
9
Calculate the remainder when 6731 is divided by 248.
35
Calculate the remainder when 11618 is divided by 648.
602
What is the remainder when 99027 is divided by 293?
286
What is the remainder when 28745 is divided by 119?
66
Calculate the remainder when 86088 is divided by 86078.
10
What is the remainder when 4331 is divided by 955?
511
Calculate the remainder when 13326 is divided by 4431.
33
Calculate the remainder when 19071 is divided by 374.
371
Calculate the remainder when 3056 is divided by 361.
168
What is the remainder when 895 is divided by 581?
314
What is the remainder when 705 is divided by 689?
16
What is the remainder when 2982134 is divided by 745532?
6
Calculate the remainder when 6398 is divided by 37.
34
Calculate the remainder when 8334 is divided by 8271.
63
Calculate the remainder when 9106 is divided by 2139.
550
What is the remainder when 15099 is divided by 838?
15
Calculate the remainder when 5021 is divided by 143.
16
Calculate the remainder when 53295 is divided by 82.
77
Calculate the remainder when 8664 is divided by 34.
28
Calculate the remainder when 3497 is divided by 108.
41
Calculate the remainder when 1296 is divided by 145.
136
Calculate the remainder when 10339 is divided by 885.
604
What is the remainder when 5484 is divided by 1096?
4
What is the remainder when 1963 is divided by 1769?
194
Calculate the remainder when 67899 is divided by 125.
24
Calculate the remainder when 425584 is divided by 184.
176
Calculate the remainder when 22447 is divided by 4489.
2
Calculate the remainder when 2873 is divided by 20.
13
What is the remainder when 2010 is divided by 91?
8
What is the remainder when 3409 is divided by 3023?
386
What is the remainder when 35478 is divided by 32?
22
What is the remainder when 2205 is divided by 300?
105
What is the remainder when 5939 is divided by 208?
115
What is the remainder when 21588 is divided by 21518?
70
Calculate the remainder when 1914 is divided by 638.
0
What is the remainder when 9125 is divided by 186?
11
Calculate the remainder when 9325 is divided by 2887.
664
Calculate the remainder when 1649269 is divided by 70.
69
Calculate the remainder when 834053 is divided by 308.
297